{"id":113,"date":"2015-10-14T15:46:37","date_gmt":"2015-10-14T10:16:37","guid":{"rendered":"https:\/\/vidyaonline.org\/?page_id=113"},"modified":"2026-01-10T22:46:44","modified_gmt":"2026-01-10T17:16:44","slug":"birds-of-different-feathers","status":"publish","type":"page","link":"https:\/\/vidyaonline.org\/index.php\/publications\/nature-stories-for-children\/birds-of-different-feathers\/","title":{"rendered":"Birds of Different Feathers"},"content":{"rendered":"<p>An Oriole family had set up their nest and were raising two chicks. Shares the anxious and proud moments of the family.<\/p>\n<p><a href=\"https:\/\/vidyaonline.org\/books\/birds_of_different_feathers.pdf\">Download PDF<\/a><\/p>\n<p>[<strong>Translations:<\/strong> <a href=\"https:\/\/vidyaonline.org\/books\/anukulada_ashraya.pdf\">Kannada<\/a> *\u00a0<a href=\"https:\/\/vidyaonline.org\/books\/birds_of_different_feathers_telugu.pdf\">Telugu<\/a> * <a href=\"https:\/\/vidyaonline.org\/books\/birds_of_different_feathers_tamil.pdf\">Tamil<\/a>]<\/p>\n<p>Kannada:<br \/>\n<a href=\"https:\/\/vidyaonline.org\/books\/anukulada_ashraya.pdf\">Anuk\u016blada \u0100\u015braya<\/a>, translated by Shanta Subba Rao<\/p>\n<p>Telugu:<br \/>\n<a href=\"https:\/\/vidyaonline.org\/books\/birds_of_different_feathers_telugu.pdf\">Rakarakaala Pakshulu<\/a>, translated by K Suresh<\/p>\n<p>Tamil:<br \/>\n<a href=\"https:\/\/vidyaonline.org\/books\/birds_of_different_feathers_tamil.pdf\">Maarupatta Iragugaludaiya Paravaigal<\/a>, translated by Surendar Boopalan, T Parasuraman, K C Amudha S Maheswari and R Nalini<\/p>\n<h3>Related Stories<\/h3>\n<p><iframe loading=\"lazy\" title=\"The Golden Orioles make a nest\" width=\"860\" height=\"484\" src=\"https:\/\/www.youtube.com\/embed\/tBlHhjjGXag?feature=oembed\" frameborder=\"0\" allow=\"accelerometer; autoplay; clipboard-write; encrypted-media; gyroscope; picture-in-picture; web-share\" referrerpolicy=\"strict-origin-when-cross-origin\" allowfullscreen><\/iframe><\/p>\n<p><iframe loading=\"lazy\" title=\"The perseverant Paradise Flycatchers\" width=\"860\" height=\"484\" src=\"https:\/\/www.youtube.com\/embed\/qj2HOf8y-YY?feature=oembed\" frameborder=\"0\" allow=\"accelerometer; autoplay; clipboard-write; encrypted-media; gyroscope; picture-in-picture; web-share\" referrerpolicy=\"strict-origin-when-cross-origin\" allowfullscreen><\/iframe><\/p>\n<p><iframe loading=\"lazy\" title=\"&quot;Purple&quot; Sunbird\" width=\"860\" height=\"484\" src=\"https:\/\/www.youtube.com\/embed\/NXkwBIqRQ60?feature=oembed\" frameborder=\"0\" allow=\"accelerometer; autoplay; clipboard-write; encrypted-media; gyroscope; picture-in-picture; web-share\" referrerpolicy=\"strict-origin-when-cross-origin\" allowfullscreen><\/iframe><\/p>\n<p><iframe loading=\"lazy\" title=\"In the Tree Cover\" width=\"860\" height=\"484\" src=\"https:\/\/www.youtube.com\/embed\/juUkwR_Uk-Y?feature=oembed\" frameborder=\"0\" allow=\"accelerometer; autoplay; clipboard-write; encrypted-media; gyroscope; picture-in-picture; web-share\" referrerpolicy=\"strict-origin-when-cross-origin\" allowfullscreen><\/iframe><\/p>\n","protected":false},"excerpt":{"rendered":"<p>An Oriole family had set up their nest and were raising two chicks. Shares the anxious and proud moments of the family. Download PDF [Translations: <a class=\"more-link\" href=\"https:\/\/vidyaonline.org\/index.php\/publications\/nature-stories-for-children\/birds-of-different-feathers\/\">Read More &#8230;<\/a><\/p>\n","protected":false},"author":1,"featured_media":0,"parent":23,"menu_order":1,"comment_status":"closed","ping_status":"closed","template":"","meta":{"footnotes":""},"class_list":["post-113","page","type-page","status-publish","hentry"],"_links":{"self":[{"href":"https:\/\/vidyaonline.org\/index.php\/wp-json\/wp\/v2\/pages\/113","targetHints":{"allow":["GET"]}}],"collection":[{"href":"https:\/\/vidyaonline.org\/index.php\/wp-json\/wp\/v2\/pages"}],"about":[{"href":"https:\/\/vidyaonline.org\/index.php\/wp-json\/wp\/v2\/types\/page"}],"author":[{"embeddable":true,"href":"https:\/\/vidyaonline.org\/index.php\/wp-json\/wp\/v2\/users\/1"}],"replies":[{"embeddable":true,"href":"https:\/\/vidyaonline.org\/index.php\/wp-json\/wp\/v2\/comments?post=113"}],"version-history":[{"count":36,"href":"https:\/\/vidyaonline.org\/index.php\/wp-json\/wp\/v2\/pages\/113\/revisions"}],"predecessor-version":[{"id":533,"href":"https:\/\/vidyaonline.org\/index.php\/wp-json\/wp\/v2\/pages\/113\/revisions\/533"}],"up":[{"embeddable":true,"href":"https:\/\/vidyaonline.org\/index.php\/wp-json\/wp\/v2\/pages\/23"}],"wp:attachment":[{"href":"https:\/\/vidyaonline.org\/index.php\/wp-json\/wp\/v2\/media?parent=113"}],"curies":[{"name":"wp","href":"https:\/\/api.w.org\/{rel}","templated":true}]}}